{"id":108,"date":"2026-01-29T23:40:18","date_gmt":"2026-01-29T23:40:18","guid":{"rendered":"https:\/\/naspebeauty.cl\/?post_type=product&#038;p=108"},"modified":"2026-01-29T23:40:19","modified_gmt":"2026-01-29T23:40:19","slug":"tone-brightening-tone-up-sunscreen-spf50","status":"publish","type":"product","link":"https:\/\/naspebeauty.cl\/?product=tone-brightening-tone-up-sunscreen-spf50","title":{"rendered":"Tone brightening tone-up sunscreen spf50+"},"content":{"rendered":"<h2 data-start=\"207\" data-end=\"251\">Tone Brightening Tone-Up Sunscreen SPF50+<\/h2>\n<p data-start=\"253\" data-end=\"517\">El <strong data-start=\"256\" data-end=\"301\">Tone Brightening Tone-Up Sunscreen SPF50+<\/strong> es un protector solar facial con <strong data-start=\"335\" data-end=\"363\">alto nivel de protecci\u00f3n<\/strong> y un <strong data-start=\"369\" data-end=\"389\">leve tono rosado<\/strong>, dise\u00f1ado para <strong data-start=\"405\" data-end=\"471\">iluminar, unificar el tono de la piel y protegerla diariamente<\/strong> de los da\u00f1os causados por la radiaci\u00f3n solar.<\/p>\n<p data-start=\"519\" data-end=\"846\">Su f\u00f3rmula est\u00e1 pensada para quienes buscan algo m\u00e1s que protecci\u00f3n: ayuda a <strong data-start=\"596\" data-end=\"629\">mejorar el aspecto de la piel<\/strong>, aportando luminosidad inmediata y una apariencia m\u00e1s uniforme, sin verse artificial ni pesada. Es una excelente opci\u00f3n para pieles sensibles que desean protecci\u00f3n, cuidado y un efecto visual natural en un solo paso.<\/p>\n<hr data-start=\"848\" data-end=\"851\" \/>\n<h3 data-start=\"853\" data-end=\"873\">\u00bfPara qu\u00e9 sirve?<\/h3>\n<p data-start=\"875\" data-end=\"904\">Este protector solar ayuda a:<\/p>\n<ul data-start=\"905\" data-end=\"1122\">\n<li data-start=\"905\" data-end=\"962\">\n<p data-start=\"907\" data-end=\"962\">Proteger la piel frente a la radiaci\u00f3n solar (SPF50+)<\/p>\n<\/li>\n<li data-start=\"963\" data-end=\"1017\">\n<p data-start=\"965\" data-end=\"1017\">Iluminar y unificar visualmente el tono de la piel<\/p>\n<\/li>\n<li data-start=\"1018\" data-end=\"1063\">\n<p data-start=\"1020\" data-end=\"1063\">Ayudar a prevenir la aparici\u00f3n de manchas<\/p>\n<\/li>\n<li data-start=\"1064\" data-end=\"1122\">\n<p data-start=\"1066\" data-end=\"1122\">Mejorar la elasticidad y el aspecto general de la piel<\/p>\n<\/li>\n<\/ul>\n<hr data-start=\"1124\" data-end=\"1127\" \/>\n<h3 data-start=\"1129\" data-end=\"1155\">Beneficios principales<\/h3>\n<ul data-start=\"1157\" data-end=\"1720\">\n<li data-start=\"1157\" data-end=\"1266\">\n<p data-start=\"1159\" data-end=\"1266\"><strong data-start=\"1159\" data-end=\"1191\">Alta protecci\u00f3n solar SPF50+<\/strong><br data-start=\"1191\" data-end=\"1194\" \/>Ayuda a proteger la piel frente al da\u00f1o solar y el fotoenvejecimiento.<\/p>\n<\/li>\n<li data-start=\"1268\" data-end=\"1389\">\n<p data-start=\"1270\" data-end=\"1389\"><strong data-start=\"1270\" data-end=\"1296\">Efecto tone-up natural<\/strong><br data-start=\"1296\" data-end=\"1299\" \/>Su leve pigmento rosado ilumina la piel y mejora su apariencia sin dejar efecto m\u00e1scara.<\/p>\n<\/li>\n<li data-start=\"1391\" data-end=\"1483\">\n<p data-start=\"1393\" data-end=\"1483\"><strong data-start=\"1393\" data-end=\"1421\">Ayuda a unificar el tono<\/strong><br data-start=\"1421\" data-end=\"1424\" \/>Ideal para pieles con manchitas, tono apagado o desigual.<\/p>\n<\/li>\n<li data-start=\"1485\" data-end=\"1590\">\n<p data-start=\"1487\" data-end=\"1590\"><strong data-start=\"1487\" data-end=\"1517\">Apto para pieles sensibles<\/strong><br data-start=\"1517\" data-end=\"1520\" \/>Formulado para entregar protecci\u00f3n y cuidado sin generar irritaci\u00f3n.<\/p>\n<\/li>\n<li data-start=\"1592\" data-end=\"1720\">\n<p data-start=\"1594\" data-end=\"1720\"><strong data-start=\"1594\" data-end=\"1631\">Textura c\u00f3moda para el uso diario<\/strong><br data-start=\"1631\" data-end=\"1634\" \/>Funciona bien como \u00faltimo paso del skincare o como base ligera antes del maquillaje.<\/p>\n<\/li>\n<\/ul>\n<hr data-start=\"1722\" data-end=\"1725\" \/>\n<h3 data-start=\"1727\" data-end=\"1755\">Tipo de piel recomendado<\/h3>\n<ul data-start=\"1757\" data-end=\"1916\">\n<li data-start=\"1757\" data-end=\"1774\">\n<p data-start=\"1759\" data-end=\"1774\">Piel sensible<\/p>\n<\/li>\n<li data-start=\"1775\" data-end=\"1798\">\n<p data-start=\"1777\" data-end=\"1798\">Piel normal a mixta<\/p>\n<\/li>\n<li data-start=\"1799\" data-end=\"1836\">\n<p data-start=\"1801\" data-end=\"1836\">Piel con manchas o tono irregular<\/p>\n<\/li>\n<li data-start=\"1837\" data-end=\"1853\">\n<p data-start=\"1839\" data-end=\"1853\">Piel apagada<\/p>\n<\/li>\n<li data-start=\"1854\" data-end=\"1916\">\n<p data-start=\"1856\" data-end=\"1916\">Personas que buscan protecci\u00f3n solar con efecto iluminador<\/p>\n<\/li>\n<\/ul>\n<hr data-start=\"1918\" data-end=\"1921\" \/>\n<h3 data-start=\"1923\" data-end=\"1938\">Modo de uso<\/h3>\n<p data-start=\"1940\" data-end=\"2156\">Aplicar como \u00faltimo paso de la rutina facial, antes de la exposici\u00f3n al sol.<br data-start=\"2016\" data-end=\"2019\" \/>Distribuir de manera uniforme sobre el rostro y reaplicar durante el d\u00eda seg\u00fan necesidad, especialmente en caso de exposici\u00f3n prolongada.<\/p>\n<hr data-start=\"2158\" data-end=\"2161\" \/>\n<h3 data-start=\"2163\" data-end=\"2208\">\u00bfPor qu\u00e9 lo recomendamos en NASPE Beauty?<\/h3>\n<p data-start=\"2210\" data-end=\"2494\">En NASPE Beauty seleccionamos este protector solar porque combina <strong data-start=\"2276\" data-end=\"2346\">protecci\u00f3n alta, cuidado de la piel y un efecto visual favorecedor<\/strong>, ideal para el uso diario. Es una excelente alternativa para quienes buscan simplificar su rutina sin dejar de proteger, iluminar y cuidar su piel.<\/p>\n","protected":false},"excerpt":{"rendered":"<p><span style=\"font-weight: 400;\">Protector solar con un leve pigmento rosa que ayuda a iluminar y despigmentar. Es ideal para pieles sensibles, combate manchitas y mejora la elasticidad de la piel.<\/span><\/p>\n","protected":false},"featured_media":109,"comment_status":"open","ping_status":"closed","template":"","meta":[],"product_brand":[],"product_cat":[17],"product_tag":[21,19,23,44,45,46,25],"class_list":{"0":"post-108","1":"product","2":"type-product","3":"status-publish","4":"has-post-thumbnail","6":"product_cat-skincare","7":"product_tag-iluminador","8":"product_tag-piel-sensible","9":"product_tag-protector-solar","10":"product_tag-spf-50","11":"product_tag-tone-up","12":"product_tag-unifica-el-tono","13":"product_tag-uso-diario","15":"first","16":"instock","17":"shipping-taxable","18":"purchasable","19":"product-type-simple"},"yoast_head":"<!-- This site is optimized with the Yoast SEO plugin v26.9 - https:\/\/yoast.com\/product\/yoast-seo-wordpress\/ -->\n<title>Tone brightening tone-up sunscreen spf50+ - Naspe Beauty<\/title>\n<meta name=\"robots\" content=\"index, follow, max-snippet:-1, max-image-preview:large, max-video-preview:-1\" \/>\n<link rel=\"canonical\" href=\"https:\/\/naspebeauty.cl\/?product=tone-brightening-tone-up-sunscreen-spf50\" \/>\n<meta property=\"og:locale\" content=\"es_ES\" \/>\n<meta property=\"og:type\" content=\"article\" \/>\n<meta property=\"og:title\" content=\"Tone brightening tone-up sunscreen spf50+ - Naspe Beauty\" \/>\n<meta property=\"og:description\" content=\"Protector solar con un leve pigmento rosa que ayuda a iluminar y despigmentar. Es ideal para pieles sensibles, combate manchitas y mejora la elasticidad de la piel.\" \/>\n<meta property=\"og:url\" content=\"https:\/\/naspebeauty.cl\/?product=tone-brightening-tone-up-sunscreen-spf50\" \/>\n<meta property=\"og:site_name\" content=\"Naspe Beauty\" \/>\n<meta property=\"article:modified_time\" content=\"2026-01-29T23:40:19+00:00\" \/>\n<meta property=\"og:image\" content=\"https:\/\/naspebeauty.cl\/wp-content\/uploads\/2026\/01\/Tone-Brightening-Tone-Up-Sunscreen-SPF50.png\" \/>\n\t<meta property=\"og:image:width\" content=\"1080\" \/>\n\t<meta property=\"og:image:height\" content=\"1080\" \/>\n\t<meta property=\"og:image:type\" content=\"image\/png\" \/>\n<meta name=\"twitter:card\" content=\"summary_large_image\" \/>\n<meta name=\"twitter:label1\" content=\"Tiempo estimado de lectura\" \/>\n\t<meta name=\"twitter:data1\" content=\"2 minutos\" \/>\n<script type=\"application\/ld+json\" class=\"yoast-schema-graph\">{\"@context\":\"https:\/\/schema.org\",\"@graph\":[{\"@type\":\"WebPage\",\"@id\":\"https:\/\/naspebeauty.cl\/?product=tone-brightening-tone-up-sunscreen-spf50\",\"url\":\"https:\/\/naspebeauty.cl\/?product=tone-brightening-tone-up-sunscreen-spf50\",\"name\":\"Tone brightening tone-up sunscreen spf50+ - Naspe Beauty\",\"isPartOf\":{\"@id\":\"https:\/\/naspebeauty.cl\/#website\"},\"primaryImageOfPage\":{\"@id\":\"https:\/\/naspebeauty.cl\/?product=tone-brightening-tone-up-sunscreen-spf50#primaryimage\"},\"image\":{\"@id\":\"https:\/\/naspebeauty.cl\/?product=tone-brightening-tone-up-sunscreen-spf50#primaryimage\"},\"thumbnailUrl\":\"https:\/\/naspebeauty.cl\/wp-content\/uploads\/2026\/01\/Tone-Brightening-Tone-Up-Sunscreen-SPF50.png\",\"datePublished\":\"2026-01-29T23:40:18+00:00\",\"dateModified\":\"2026-01-29T23:40:19+00:00\",\"breadcrumb\":{\"@id\":\"https:\/\/naspebeauty.cl\/?product=tone-brightening-tone-up-sunscreen-spf50#breadcrumb\"},\"inLanguage\":\"es-CL\",\"potentialAction\":[{\"@type\":\"ReadAction\",\"target\":[\"https:\/\/naspebeauty.cl\/?product=tone-brightening-tone-up-sunscreen-spf50\"]}]},{\"@type\":\"ImageObject\",\"inLanguage\":\"es-CL\",\"@id\":\"https:\/\/naspebeauty.cl\/?product=tone-brightening-tone-up-sunscreen-spf50#primaryimage\",\"url\":\"https:\/\/naspebeauty.cl\/wp-content\/uploads\/2026\/01\/Tone-Brightening-Tone-Up-Sunscreen-SPF50.png\",\"contentUrl\":\"https:\/\/naspebeauty.cl\/wp-content\/uploads\/2026\/01\/Tone-Brightening-Tone-Up-Sunscreen-SPF50.png\",\"width\":1080,\"height\":1080},{\"@type\":\"BreadcrumbList\",\"@id\":\"https:\/\/naspebeauty.cl\/?product=tone-brightening-tone-up-sunscreen-spf50#breadcrumb\",\"itemListElement\":[{\"@type\":\"ListItem\",\"position\":1,\"name\":\"Portada\",\"item\":\"https:\/\/naspebeauty.cl\/\"},{\"@type\":\"ListItem\",\"position\":2,\"name\":\"Tienda\",\"item\":\"https:\/\/naspebeauty.cl\/?page_id=39\"},{\"@type\":\"ListItem\",\"position\":3,\"name\":\"Tone brightening tone-up sunscreen spf50+\"}]},{\"@type\":\"WebSite\",\"@id\":\"https:\/\/naspebeauty.cl\/#website\",\"url\":\"https:\/\/naspebeauty.cl\/\",\"name\":\"Naspe Beauty\",\"description\":\"Est\u00e9tica, skincare y bienestar con respaldo profesional.\",\"publisher\":{\"@id\":\"https:\/\/naspebeauty.cl\/#organization\"},\"potentialAction\":[{\"@type\":\"SearchAction\",\"target\":{\"@type\":\"EntryPoint\",\"urlTemplate\":\"https:\/\/naspebeauty.cl\/?s={search_term_string}\"},\"query-input\":{\"@type\":\"PropertyValueSpecification\",\"valueRequired\":true,\"valueName\":\"search_term_string\"}}],\"inLanguage\":\"es-CL\"},{\"@type\":\"Organization\",\"@id\":\"https:\/\/naspebeauty.cl\/#organization\",\"name\":\"Naspe Beauty\",\"url\":\"https:\/\/naspebeauty.cl\/\",\"logo\":{\"@type\":\"ImageObject\",\"inLanguage\":\"es-CL\",\"@id\":\"https:\/\/naspebeauty.cl\/#\/schema\/logo\/image\/\",\"url\":\"https:\/\/naspebeauty.cl\/wp-content\/uploads\/2026\/01\/Logo-NASPE-Beauty-fondo-transparente-e1769553405865.png\",\"contentUrl\":\"https:\/\/naspebeauty.cl\/wp-content\/uploads\/2026\/01\/Logo-NASPE-Beauty-fondo-transparente-e1769553405865.png\",\"width\":298,\"height\":107,\"caption\":\"Naspe Beauty\"},\"image\":{\"@id\":\"https:\/\/naspebeauty.cl\/#\/schema\/logo\/image\/\"},\"sameAs\":[\"https:\/\/www.instagram.com\/naspebeauty.cl\/?hl=es\"]}]}<\/script>\n<!-- \/ Yoast SEO plugin. -->","yoast_head_json":{"title":"Tone brightening tone-up sunscreen spf50+ - Naspe Beauty","robots":{"index":"index","follow":"follow","max-snippet":"max-snippet:-1","max-image-preview":"max-image-preview:large","max-video-preview":"max-video-preview:-1"},"canonical":"https:\/\/naspebeauty.cl\/?product=tone-brightening-tone-up-sunscreen-spf50","og_locale":"es_ES","og_type":"article","og_title":"Tone brightening tone-up sunscreen spf50+ - Naspe Beauty","og_description":"Protector solar con un leve pigmento rosa que ayuda a iluminar y despigmentar. Es ideal para pieles sensibles, combate manchitas y mejora la elasticidad de la piel.","og_url":"https:\/\/naspebeauty.cl\/?product=tone-brightening-tone-up-sunscreen-spf50","og_site_name":"Naspe Beauty","article_modified_time":"2026-01-29T23:40:19+00:00","og_image":[{"width":1080,"height":1080,"url":"https:\/\/naspebeauty.cl\/wp-content\/uploads\/2026\/01\/Tone-Brightening-Tone-Up-Sunscreen-SPF50.png","type":"image\/png"}],"twitter_card":"summary_large_image","twitter_misc":{"Tiempo estimado de lectura":"2 minutos"},"schema":{"@context":"https:\/\/schema.org","@graph":[{"@type":"WebPage","@id":"https:\/\/naspebeauty.cl\/?product=tone-brightening-tone-up-sunscreen-spf50","url":"https:\/\/naspebeauty.cl\/?product=tone-brightening-tone-up-sunscreen-spf50","name":"Tone brightening tone-up sunscreen spf50+ - Naspe Beauty","isPartOf":{"@id":"https:\/\/naspebeauty.cl\/#website"},"primaryImageOfPage":{"@id":"https:\/\/naspebeauty.cl\/?product=tone-brightening-tone-up-sunscreen-spf50#primaryimage"},"image":{"@id":"https:\/\/naspebeauty.cl\/?product=tone-brightening-tone-up-sunscreen-spf50#primaryimage"},"thumbnailUrl":"https:\/\/naspebeauty.cl\/wp-content\/uploads\/2026\/01\/Tone-Brightening-Tone-Up-Sunscreen-SPF50.png","datePublished":"2026-01-29T23:40:18+00:00","dateModified":"2026-01-29T23:40:19+00:00","breadcrumb":{"@id":"https:\/\/naspebeauty.cl\/?product=tone-brightening-tone-up-sunscreen-spf50#breadcrumb"},"inLanguage":"es-CL","potentialAction":[{"@type":"ReadAction","target":["https:\/\/naspebeauty.cl\/?product=tone-brightening-tone-up-sunscreen-spf50"]}]},{"@type":"ImageObject","inLanguage":"es-CL","@id":"https:\/\/naspebeauty.cl\/?product=tone-brightening-tone-up-sunscreen-spf50#primaryimage","url":"https:\/\/naspebeauty.cl\/wp-content\/uploads\/2026\/01\/Tone-Brightening-Tone-Up-Sunscreen-SPF50.png","contentUrl":"https:\/\/naspebeauty.cl\/wp-content\/uploads\/2026\/01\/Tone-Brightening-Tone-Up-Sunscreen-SPF50.png","width":1080,"height":1080},{"@type":"BreadcrumbList","@id":"https:\/\/naspebeauty.cl\/?product=tone-brightening-tone-up-sunscreen-spf50#breadcrumb","itemListElement":[{"@type":"ListItem","position":1,"name":"Portada","item":"https:\/\/naspebeauty.cl\/"},{"@type":"ListItem","position":2,"name":"Tienda","item":"https:\/\/naspebeauty.cl\/?page_id=39"},{"@type":"ListItem","position":3,"name":"Tone brightening tone-up sunscreen spf50+"}]},{"@type":"WebSite","@id":"https:\/\/naspebeauty.cl\/#website","url":"https:\/\/naspebeauty.cl\/","name":"Naspe Beauty","description":"Est\u00e9tica, skincare y bienestar con respaldo profesional.","publisher":{"@id":"https:\/\/naspebeauty.cl\/#organization"},"potentialAction":[{"@type":"SearchAction","target":{"@type":"EntryPoint","urlTemplate":"https:\/\/naspebeauty.cl\/?s={search_term_string}"},"query-input":{"@type":"PropertyValueSpecification","valueRequired":true,"valueName":"search_term_string"}}],"inLanguage":"es-CL"},{"@type":"Organization","@id":"https:\/\/naspebeauty.cl\/#organization","name":"Naspe Beauty","url":"https:\/\/naspebeauty.cl\/","logo":{"@type":"ImageObject","inLanguage":"es-CL","@id":"https:\/\/naspebeauty.cl\/#\/schema\/logo\/image\/","url":"https:\/\/naspebeauty.cl\/wp-content\/uploads\/2026\/01\/Logo-NASPE-Beauty-fondo-transparente-e1769553405865.png","contentUrl":"https:\/\/naspebeauty.cl\/wp-content\/uploads\/2026\/01\/Logo-NASPE-Beauty-fondo-transparente-e1769553405865.png","width":298,"height":107,"caption":"Naspe Beauty"},"image":{"@id":"https:\/\/naspebeauty.cl\/#\/schema\/logo\/image\/"},"sameAs":["https:\/\/www.instagram.com\/naspebeauty.cl\/?hl=es"]}]}},"_links":{"self":[{"href":"https:\/\/naspebeauty.cl\/index.php?rest_route=\/wp\/v2\/product\/108","targetHints":{"allow":["GET"]}}],"collection":[{"href":"https:\/\/naspebeauty.cl\/index.php?rest_route=\/wp\/v2\/product"}],"about":[{"href":"https:\/\/naspebeauty.cl\/index.php?rest_route=\/wp\/v2\/types\/product"}],"replies":[{"embeddable":true,"href":"https:\/\/naspebeauty.cl\/index.php?rest_route=%2Fwp%2Fv2%2Fcomments&post=108"}],"wp:featuredmedia":[{"embeddable":true,"href":"https:\/\/naspebeauty.cl\/index.php?rest_route=\/wp\/v2\/media\/109"}],"wp:attachment":[{"href":"https:\/\/naspebeauty.cl\/index.php?rest_route=%2Fwp%2Fv2%2Fmedia&parent=108"}],"wp:term":[{"taxonomy":"product_brand","embeddable":true,"href":"https:\/\/naspebeauty.cl\/index.php?rest_route=%2Fwp%2Fv2%2Fproduct_brand&post=108"},{"taxonomy":"product_cat","embeddable":true,"href":"https:\/\/naspebeauty.cl\/index.php?rest_route=%2Fwp%2Fv2%2Fproduct_cat&post=108"},{"taxonomy":"product_tag","embeddable":true,"href":"https:\/\/naspebeauty.cl\/index.php?rest_route=%2Fwp%2Fv2%2Fproduct_tag&post=108"}],"curies":[{"name":"wp","href":"https:\/\/api.w.org\/{rel}","templated":true}]}}